*p**2 - 6*p - 5*p**3 + 39*p**2. Let f(u) = -7*k(u) - 4*z(u). Give f(6).
-6
Let i(t) = 2*t - t**2 - t**3 + 2 + t - 2*t + 0*t**2. Let u be (-1)/((-2)/((-12)/(-3))). Calculate i(u).
-8
Suppose -3*x + 5 = -1. Suppose y - 3*r - 9 = 0, -5*y = -4*r - r - 25. Let g(p) = 0*p**3 + 2*p**2 - 3*p**3 - 1 + p + 2*p**y. Give g(x).
1
Let f(n) be the first derivative of -1/2*n**2 + 3 + 2*n. What is f(4)?
-2
Suppose 9 + 15 = 3*c. Let z(g) = g**3 + 10*g**3 - c*g**3 + 5*g + 3 - 4*g**3 + 4*g**2. Give z(5).
3
Let r(d) = -d - 10. Let y(k) be the second derivative of k**4/12 - k**3/3 + 3*k**2/2 - 3*k. Let i be y(2). Let x be 0 - (i - 2) - -1. What is r(x)?
-10
Let r(w) = 3*w**3. Suppose 10 = y - 2*f, -3*y - 3*f - 12 = -4*y. Suppose 2*v + y = -4*i + v, -12 = 4*i + 4*v. Determine r(i).
-3
Let c(r) = -r**3 - 4*r**2 + 3. Let o be c(-3). Let d(n) = n + 8. Let b be d(o). Let a(w) = 5 - w**b - w - 6 + 2*w. Calculate a(2).
-3
Let o(q) = -2*q - 4. Let g be o(-5). Suppose -4*t + 0*t + 10 = -n, t + 5*n = 13. Let u(d) = 12 + d + d - t*d. Give u(g).
6
Let g(f) be the third derivative of -f**5/60 + f**4/24 + f**3/3 - 5*f**2. Determine g(-2).
-4
Suppose l - 4 = -l. Let f(o) = -7 + 18 - 9 - o - o**3 - 5*o**l. Calculate f(-5).
7
Let o(n) be the third derivative of n**5/60 + n**4/12 + n**3/6 - n**2. Let b = 17 - 12. Suppose 2*j = b*w - 6, 2*j - j + w = -3. Determine o(j).
4
Let f(o) = 7*o**2 - 2*o + 1. Let n(s) = -3*s - 3. Let p be n(-2). Let z be ((-6)/p - -2) + 1. Determine f(z).
6
Let j = 6 - 10. Let n(x) = -x - 4. Let o be n(-6). Let v(b) = 6 - b**2 - o - 2*b + 0*b**2. What is v(j)?
-4
Let a(b) = -3*b - 1. Let m = -2 - -3. Let t = 2 + m. Suppose -4*h = -5*g - t, g - h - 4*h + 9 = 0. Give a(g).
-4
Let y(p) = -p**2 - 12*p + 8. Let f(z) = -2*z**3 + z**2 + z - 3. Let k be f(2). Calculate y(k).
-5
Let r = -13 - 29. Let h be (-38)/12 - 7/r. Let d(l) = -2*l**2 - 2*l. Determine d(h).
-12
Let o(v) = -8 + 15*v**2 + 2*v + 3*v - 14*v**2 - 10*v. What is o(6)?
-2
Let v(q) be the first derivative of 3*q**4/4 - q**2/2 + 1. Let c(f) = -f**3 + 4*f**2 + 8*f - 14. Let l be c(5). Calculate v(l).
2
Let r(y) = y**2 - y - 3. Let b be (-57)/2*(-4)/6. Suppose 2*z - 14 = -x - 3*x, -b = -4*z + x. Suppose z*d + 0 - 15 = 0. What is r(d)?
3
Let u be 0/(-5 + 5 + -3). Let a be (-2)/6*u + -2. Let y(x) = -2*x + 2. Calculate y(a).
6
Let c(k) = -1. Let t(n) = -n - 8. Let o(r) = 6*c(r) - t(r). Suppose l - 3 - 1 = 0. Suppose -3*i + i + l = 0. Determine o(i).
4
Let f = 3 - 8. Let i(g) = 6*g**2. Let n(l) = 7*l**2 - l + 1. Let o(s) = f*n(s) + 6*i(s). Give o(-5).
-5
Let p(y) = -y**2 + 5*y - 1. Let d(h) = h**2 - 6*h + 2. Let l be d(6). Let w be 5*5 + l + 1. Suppose -4*z + w = 8. Give p(z).
-1
Let q(y) be the first derivative of -7*y**3/6 - y**2/2 + 2*y + 1. Let v(n) be the first derivative of q(n). Suppose -2*t - 1 = 1. Give v(t).
6
Let p = -246 - -243. Let s(t) be the first derivative of t**3/3 + t**2/2 - 4*t - 1. Calculate s(p).
2
Let v(r) = -r**3 + 3*r**2 - 3*r + 2. Let f be (-1)/(-3) + 50/30. Calculate v(f).
0
Suppose 4*f - 4 = -0. Let a(v) = 3*v**2 + 4*v + 1. Let z(k) = 8*k**2 + 11*k + 3. Let i(q) = -11*a(q) + 4*z(q). Give i(f).
0
Let t be 39/13 - 2/4*-2. Suppose 3*f - 11 = -5. Let k(p) = -2*p - 2*p**3 + 3*p**3 - 2*p**3 + 5*p**2 - f. Calculate k(t).
6
Let k(d) be the third derivative of -d**6/120 + 2*d**3/3 - 7*d**2. Let s be k(0). Let c(q) = q**2 - q - 1. Calculate c(s).
11
Let l(k) = -k**3 - 10*k**2 + 2*k + 7. Let c(x) = x**2. Let d be (-8)/(3/3*-2). Let o(m) = d*c(m) + l(m). Calculate o(-6).
-5
Let h(z) = -z**2 + 6*z - 4. Let i be h(4). Let j(q) = -q**3 + 4*q**2 - 5*q**2 - q + 0*q**2 - i*q**2 - 5. Calculate j(-5).
0
Let i(c) be the first derivative of -c**4/4 + 5*c**3/3 - c**2 - 4*c - 2. Let w be ((-2)/(-5))/((-10)/(-25)). Suppose -w + 16 = 5*t. What is i(t)?
8
Let z(w) = -4 - 4*w - 2*w + 4*w + 7 - w**2. Calculate z(-4).
-5
Let z = 151 + -85. Let w(s) = 2 - 1 + 69*s - z*s. What is w(-2)?
-5
Let i(f) be the second derivative of 2*f**3/3 + 5*f**2/2 - 10*f. Give i(-5).
-15
Let d(m) = 2*m + 5. Let j be 20/16*(4 - 0). Let k(a) = -a - 3. Let b(n) = j*k(n) + 3*d(n). Determine b(3).
3
Let a(y) = 6*y**2 + y - 1. Suppose -2*n - 11 + 1 = 0. Let i(v) = -6*v**2 - v + 1. Let p(h) = n*a(h) - 4*i(h). What is p(1)?
-6
Let o(n) = n + 3. Suppose 0 = 5*r - 16 - 9. Suppose 3*a - y - y - 3 = 0, r*a = 3*y + 6. Let m be 1/a - (-20)/(-6). Determine o(m).
0
Let t(q) = -q + 4*q - 2*q - q**2 + 0*q**2 + 5. Let j be t(0). Let y(o) = -o**2 + 5*o + 6. Calculate y(j).
6
Let x be (2 + 3)/((-5)/(-2)). Let i(r) = 6 + 3 - 3 - 3*r + 3*r**2 - 4. Determine i(x).
8
Let u(h) = 2*h**3 + h**2 - 4*h - 2. Suppose -9*o = -41 + 14. Let z(m) = -m**2 + 4 + 7*m + 0*m - 3*m**3 + 0*m**2. Let s(f) = o*z(f) + 5*u(f). What is s(-3)?
-10
Let p = -13 - -16. Let t(v) = v. Calculate t(p).
3
Let c(d) be the second derivative of 2/3*d**3 + 0 + d**2 - 1/20*d**5 + 1/4*d**4 + 3*d. Give c(4).
2
Suppose 0 = -3*x - 4 - 5. Let d(a) = -a**2 + a + 2. What is d(x)?
-10
Let w(l) be the first derivative of l**4/4 + 8*l**3/3 - l**2/2 - 3*l - 37. Determine w(-8).
5
Suppose -f = 3*n - 8, 3*f + 0*f = -5*n + 12. Let u(q) be the first derivative of -3 + 2*q**2 + 1/3*q**n + 4*q. Determine u(-3).
1
Let b = -10 - -11. Let z be (-4)/(-1) + -1 + -1. Let m = z + b. Let p(g) = g**3 - 4*g**2 + 4. Give p(m).
-5
Let j(r) = r**2 + 2*r - 3. Let h(y) be the first derivative of y**2/2 + 3*y - 3. Let x be h(-7). Let s be 2/x*10 - -1. Determine j(s).
5
Suppose -8 = -j - 1. Let h = 6 - j. Let r(p) = -p + 1. Determine r(h).
2
Let o(l) = -l**3 + 4*l**2 + 4*l - 3. Let z be (-4)/(-10) - 2/5. Suppose 0*b + 3*b = 4*n - 7, 2*n + 3*b = -1. Let q be (n - z)*(0 - -5). Calculate o(q).
-8
Let y(x) be the third derivative of x**6/120 - x**5/60 + x**4/24 + x**3 + 11*x**2. What is y(0)?
6
Suppose 9 - 29 = 4*i. Let j(o) = 13*o - 1. Let h be (0 + -1)/(3/(-6)). Let l(c) = -3*c. Let a(g) = h*j(g) + 9*l(g). Give a(i).
3
Let o(w) = -9*w + 3. Let y(f) = 6*f - 10. Let u(z) = -2*z + 3. Let j(a) = -14*u(a) - 4*y(a). Let m(q) = 7*j(q) + 3*o(q). Let r = 20 + -14. Give m(r).
1
Let a = 6 - 5. Suppose -l - a = -4. Let c(q) = -q**3 + 3*q**2 - 2*q + 1. Calculate c(l).
-5
Let o(c) = c**2 - c - 1. Suppose 4*i - 8*i = -8. Suppose -i + 10 = 4*q. Determine o(q).
1
Let q(m) = m + 8. Let s be q(-5). Let l(a) = 5*a - 7. Suppose 0*k = 2*k - 8. Let u(h) = -6*h + 8. Let z(x) = k*l(x) + 3*u(x). Calculate z(s).
2
Let f(y) be the first derivative of -y**3/3 + 4*y**2 - 6*y - 12. Calculate f(7).
1
Let b(p) be the third derivative of -p**5/60 + p**4/4 + p**2 + 11*p. Let d = 12 + -7. Let u(x) = x**2 - 4*x + 1. Let v be u(d). Calculate b(v).
0
Let m(c) = -5*c - 5 + 1 - 5. Give m(-6).
21
Let i = -3 - 2. Let f(z) be the first derivative of z**4/12 + 2*z**3/3 - 3*z**2/2 - 2*z + 3. Let l(d) be the first derivative of f(d). Calculate l(i).
2
Let h(x) be the first derivative of -x**3/6 + x**2 + x - 2. Let n(o) be the first derivative of h(o). Give n(2).
0
Let g = 5 + -1. Let j(o) = 4*o + g - 4*o - o. Give j(4).
0
Let v(t) = 4*t + t**3 + t**2 - t**2 + 6 - 11*t - 2*t**2. Give v(4).
10
Let l(k) = k**3 - 5*k**2 + 2*k + 2. Let p be l(4). Let f(s) = -3*s + 11. Let x(w) = -w + 6. Let y(g) = 2*f(g) - 5*x(g). What is y(p)?
-2
Let a(p) = -p**2 + p + 1. Let z(i) = -i**3 + 6*i**2 - 6*i - 5. Let s(g) = 11*a(g) + 2*z(g). Calculate s(1).
-1
Let l = 3 - 2. Let d(b) = 2*b**2. Let f be d(-1). Let z(u) = l + 1 - u - f. Give z(-1).
1
Let v(w) = -2*w**3 - 4*w**2 - 2*w + 2. Suppose t - 2 = 4. Let q(o) = 3*o**2 - o**3 + 0*o + 3*o + 0*o - t + 2*o. Let z be q(4). Give v(z).
6
Let s = 5 - 4. Suppose -4*b = -3 - s. Let p(n) be the second derivative of -n**5/5 + n**4/12 - n**3/6 - n. What is p(b)?
-4
Let k(a) = a**3 - 5*a**2 + 2*a - 7. Let l(x) = 3*x + 3. Let c(d) = d**2 - 3*d - 1. Let r be c(2). Let u be l(r). Let g be 33/7 - u/21. Give k(g).
3
Let q(g) = -6*g - 8. Let z(f) = 17*f + 23. Let l(s) = -11*q(s) - 4*z(s). Give l(-4).
4
Let i(r) be the third derivative of -r**7/5040 + 7*r**6/720 + r**5/12 - 3*r**2. Let q(d) be the third derivative of i(d). Give q(0).
7
Let l(i) = 3*i - 1. Let s(j) be the first derivative of -j**3/3 - 5*j**2/2 - j + 3. Let m be s(-4). What is l(m)?
8
Let w(p) = -p + 0*p - p + p. What is w(-7)?
7
Let c(s) be the third derivative of -s**6/120 - s**5/20 + s**4/8 + 2*